*w + 2*g - 844 = 1546. List the prime factors of w.
2, 3, 5
Suppose 16*p + 43250 = 41*p. List the prime factors of p.
2, 5, 173
Suppose k - 71 = -t, 4*t - 3*k - 240 - 30 = 0. What are the prime factors of t?
3, 23
Suppose 68904 = 34*c - 47750. List the prime factors of c.
47, 73
Suppose 0 = 13*u - 7389 - 15140. List the prime factors of u.
1733
Let s(x) = -41*x - 47. What are the prime factors of s(-9)?
2, 7, 23
Suppose 0 = -13*c + 5*c + 40. Suppose 0 = q + c, 5*t = 4*q - 0*q + 145. List the prime factors of t.
5
Let j = 14 - 12. List the prime factors of ((0 - 177)*12/(-18))/j.
59
Let q(d) = -d**3 - 16 + 25 + 0*d - 7*d + 6*d**2. Let r be q(6). Let y = r - -71. List the prime factors of y.
2, 19
Let m = 82 - 77. What are the prime factors of (-1)/(m/(-1140)) - 1?
227
Let i(s) be the first derivative of 20*s**2 + s - 5. Let d(o) = -o**2 + 7*o + 1. Let m be d(7). List the prime factors of i(m).
41
Let x = -30 + 49. Let d = x - -107. What are the prime factors of d?
2, 3, 7
Let j(n) = 2*n**2 - 23*n - 8. What are the prime factors of j(15)?
97
List the prime factors of ((-1622)/8)/(-3 - (-649)/220).
5, 811
Suppose 0 = -3*z + 5*i + 47, z - 27 + 2 = 4*i. Suppose -3*l + 2*q - 1 = 0, 6*q = l + q + z. List the prime factors of (-29)/l*(-1)/1.
29
Let t(v) = 25*v - 3. Let a be t(-3). Let s = -56 - a. What are the prime factors of s?
2, 11
Let f = 4 - 6. Let u(z) = -4*z**2 - 2*z + 2. Let r be u(f). Let d = r + 14. List the prime factors of d.
2
Let c = -834 + 1663. List the prime factors of c.
829
Let j(k) be the first derivative of 6*k**2 - 10*k - 14. Suppose -5*p = 4*d - 35, 0 = -5*d + 4*p + 2 + 11. What are the prime factors of j(d)?
2, 5
What are the prime factors of (12/5)/(96/42880)?
2, 67
Suppose -11*x + 4 = -9*x. Suppose x*r - 2 = r. Suppose 10*o - 5*o = r*v - 71, -5*v + 195 = 5*o. List the prime factors of v.
2, 19
Suppose 230 = 5*m - 5*f, 5*m + f - 189 = m. Let v = 222 - m. List the prime factors of v.
5, 7
Let z(l) = 7*l**2 + l - 15. What are the prime factors of z(-7)?
3, 107
Suppose 3*b = -6, 0 = s - 4*b - 219 - 620. What are the prime factors of s?
3, 277
Suppose 0 = -2*b - v - 292 + 1046, -4*b + 3*v = -1528. What are the prime factors of b?
379
Suppose -30*x = -23*x - 3822. List the prime factors of x.
2, 3, 7, 13
Let x = -10 - -14. Suppose x*a = 4*q + 168, -2*a + 160 = 3*a + 5*q. Suppose a = h - 0*h. List the prime factors of h.
37
Let f be (32 + 0)*1 - 3. Suppose -f = 2*l + 31. What are the prime factors of (-6)/l - 118/(-10)?
2, 3
Let d be ((-140)/(-16))/7*-4. Let a(p) = -p**3 - 2*p**2 + 2*p + 5. What are the prime factors of a(d)?
2, 5, 7
Let i = -295 + 633. What are the prime factors of i?
2, 13
Let i = 48 - 40. Let q(o) be the third derivative of o**6/120 - 2*o**5/15 + o**4/3 - 7*o**3/6 - o**2. List the prime factors of q(i).
3, 19
Suppose 1024 = -8*z + 4*z. Let r = -123 - z. Suppose -5*p - 3 = -r. List the prime factors of p.
2, 13
Suppose 2*h - 2*y + 4 = 0, -14 = h + 3*h + 2*y. Let a(w) = 10*w**2 + 2*w - 2. List the prime factors of a(h).
2, 41
Suppose 0*k = 2*k - 6. Suppose -k*a = -2 - 52. What are the prime factors of 3/(-1)*(-168)/a?
2, 7
Suppose -43 = 40*y - 41*y. Suppose 2*d + y - 113 = 0. List the prime factors of d.
5, 7
Let o(h) = -312*h - 6. Let c(n) = 312*n + 7. Let r(t) = -4*c(t) - 5*o(t). Let x be r(-1). List the prime factors of 4/(-18) + x/(-18).
17
Suppose 4*p = 0, 3*h + 3*p = -p + 123. List the prime factors of -3*h*2/(-6).
41
Let j(k) = k**2 - 8 + 0*k - k - 3*k. Suppose 0 = -2*v + 2, v + 0*v + 17 = 3*f. What are the prime factors of j(f)?
2
Suppose 2*f = 3*l + 80, 2*l = -f + 5*l + 46. Suppose -f = -s + 31. What are the prime factors of s?
5, 13
Suppose u - g = -23 - 4, 4*g = 3*u + 81. Let c(y) = -2*y**2 - 62*y + 7. What are the prime factors of c(u)?
223
Let c be (-3*3/(-9))/(2/1046). Suppose -5*l + 512 = -c. List the prime factors of l.
3, 23
Let j = 3 - -2. Suppose 0*s - j*s = -25. Suppose -r + 44 = 5*f, -4*f - 4*r + s = -3*f. List the prime factors of f.
3
Let n(p) = p**2 + 6*p + 3. Let a(y) = y**2 + 7*y + 6. Let j be a(-4). Let s be n(j). What are the prime factors of (4 + s)*6/7?
2, 3
Suppose 0 = 4*u + 2 - 18. Let n be 12 - 2 - (1 + -5 + 2). Suppose z = -3*x + n, -z + 34 = u*z + 2*x. List the prime factors of z.
2, 3
Suppose -4*a = 4*y - 1480, a - 131 = -2*y + 240. What are the prime factors of a?
3, 41
Suppose 250 = -8*o + 930. Suppose -101 = -3*m + o. What are the prime factors of m?
2, 31
Suppose -m + 3*m = 240. Suppose -3*h - 4*q + 134 = 0, 2*h - h - 5*q = 32. List the prime factors of m/h*(-14)/(-4).
2, 5
Let v(n) = -11*n**2 - 10*n**2 + 26*n**2 - 7*n + 1. What are the prime factors of v(8)?
5, 53
Let h be 414*8/60*5. Let w = -156 + h. List the prime factors of w.
2, 3, 5
What are the prime factors of 5872206/1178 - 2/(-19)?
5, 997
Suppose -3*m - i + 719 = 0, 2*m - 2*i + 142 - 632 = 0. What are the prime factors of m?
241
Let v(j) = -6 - 4*j**2 - j**2 + j**3 + 0*j + 4*j. Suppose -h + 11 = 4*m - 4*h, 30 = 3*m + 5*h. List the prime factors of v(m).
2, 7
What are the prime factors of ((-390)/(-8))/(-12*5/(-1120))?
2, 5, 7, 13
Suppose 48*r - 9*r = 1716. List the prime factors of r.
2, 11
Let z(t) = 432*t - 163. List the prime factors of z(8).
37, 89
Let h = 9 + -6. Suppose h*q - v - 165 - 7 = 0, 2*q - 5*v - 106 = 0. What are the prime factors of q?
2, 29
Let m(o) = -o**2 + 4*o + 7. Let s be m(5). Suppose -s*f = -4*f + 224. List the prime factors of f.
2, 7
Suppose 0 = 4*m + 61 - 49. Let w(z) = -6 - z**3 + 0*z**3 + 2 - 2*z - 3*z**2. List the prime factors of w(m).
2
Suppose -2*l + 7 = -29. Let i = l + -14. Suppose 3*g + 17 = i*g. What are the prime factors of g?
17
Suppose -25 = -4*x + 9*x - 5*t, -x + 25 = 5*t. Suppose 2*o - 5 - 3 = x. What are the prime factors of o?
2
Let c be 1 + 1*(-2)/1. Let r be (2266/66)/(c/(-3)). Suppose 2*y - 62 = h, 4*y - 23 = 3*h + r. List the prime factors of y.
2, 3, 5
Let k(t) = -t**3 + 8*t**2 - 8*t + 15. Let s be k(5). Let f = 121 + s. List the prime factors of f.
3, 19
Suppose 0 = -3*w + 27. Let j = w - -68. What are the prime factors of j?
7, 11
Suppose 2*v - b = -51, 4*v + 4*b + 67 = -b. Let d = v - -22. List the prime factors of (3 - 4)/(d/6).
2, 3
Let b be (-6)/14 - (-6)/14. Let t = b - -4. Suppose -a - 14 = 2*g - t*g, -3*g - 3*a = -3. List the prime factors of g.
5
Let u(s) = -s**3 - 11*s**2 + 8*s + 9. Let p(j) = -3*j. Let m be p(4). List the prime factors of u(m).
3, 19
Let x(j) = 14*j**2 - 2*j + 1. Let v(u) = -u**3 - 11*u**2 - 14. Let k be v(-11). Let h = k + 15. What are the prime factors of x(h)?
13
Suppose 0 = -98*b + 109*b - 165. What are the prime factors of b?
3, 5
Let d(l) = -3*l - 4. Let o be d(-2). Suppose -4 = -o*b + 8. List the prime factors of (26/b)/((-1)/(-3)).
13
Let l = -19 + 30. Let m = l - -25. List the prime factors of m.
2, 3
Suppose -3*d + 5721 = 42*q - 38*q, 3*q + d - 4292 = 0. List the prime factors of q.
3, 53
List the prime factors of (-14)/10 - 2985096/(-915).
3, 1087
Suppose 3*f = 5*g + 175, 7*f - 297 = 2*f + 3*g. Suppose 3*d = u + 100, 0 = 2*d - 3*u - 16 - f. Let t = d - 16. What are the prime factors of t?
2
Let t be (-4)/(-10) + (-1)/((-15)/3759). Suppose 0 = 5*l + 4*n + 132 - 501, -t = -3*l + 5*n. List the prime factors of l.
7, 11
Suppose 3 = -9*r + 8*r. What are the prime factors of (1 - 5)*r/1?
2, 3
Let l(h) = h**2 + 4*h + 3. Suppose 3*i + 2*g + 10 = 0, -4*i + 4*g - g - 36 = 0. Let a = 2 + i. List the prime factors of l(a).
3
Suppose 3*t + 2*o + 2 = 0, -4*t - 4*o - 2 - 6 = 0. Suppose -15 + 3 = -t*f. What are the prime factors of (-470)/(-15) + (-2)/f?
31
Suppose -10*c - 2017 + 13277 = 0. List the prime factors of c.
2, 563
Let j = -46 + 45. What are the prime factors of (-20 + j)*36/(-21)?
2, 3
Suppose 3*c = 82 + 323. List the prime factors of c.
3, 5
Let n be 1/(2 - (-60)/(-32)). Let b = -4 + n. Suppose r = 5*v, 3*r - b*v = 2*r + 2. List the prime factors of r.
2, 5
Let f(s) = -4*s**2 + 3*s + 8. Let l(z) = 21*z**2 - 14*z - 39. Let a(j) = -11*f(j) - 2*l(j). What are the prime factors of a(-4)?
2, 3, 7
Suppose -b = 4, 2*y + 2*b + 6 + 2 = 0. What are the prime factors of (-2 - (-2 + y)) + 5?
5
Let d(a) = -72*a**3 - 5*a**2 - 3*a + 2. What are the prime factors of d(-3)?
2, 5, 191
What are the prime factors of 1171224/1008 + (-2)/(-28)?
2